{"id":19,"date":"2016-06-23T11:58:12","date_gmt":"2016-06-23T09:58:12","guid":{"rendered":"https:\/\/haks-projekt.de\/bremen\/?page_id=19"},"modified":"2016-12-07T15:29:24","modified_gmt":"2016-12-07T14:29:24","slug":"home","status":"publish","type":"page","link":"https:\/\/haks-projekt.de\/bremen\/","title":{"rendered":"HAKS in Bremen"},"content":{"rendered":"<p>Das Bauhandwerk im Land Bremen boomt: Neubauten entstehen und die Hauseigent\u00fcmerinnen und \u2013eigent\u00fcmer in Bremen und Bremerhaven modernisieren ihre H\u00e4user. Da sind Handwerkerinnen und Handwerker gefragt, die mit fundierten Kenntnissen die Anforderungen des qualit\u00e4tsvollen sowie energieeffizienten Bauens beherrschen.<\/p>\n<p>HAKS bietet dem Ausbildungspersonal und den Auszubildenden durch diese kostenlose und freiwillige Zusatzqualifikation die M\u00f6glichkeit, gewerke\u00fcbergreifendes Bauen praktisch zu optimieren.<\/p>\n<p>Initiator und Koordinator ist die Bremer Klimaschutzagentur energiekonsens, als Projektpartner treten das Institut Technik und Bildung (ITB) der Universit\u00e4t Bremen sowie f\u00fcnf weitere Klimaschutz- und Energieagenturen aus unterschiedlichen Regionen des Bundesgebiets auf.<\/p>\n<p>Den aktuellen Flyer des HAKS-Projekts finden Sie hier: <a href=\"https:\/\/haks-projekt.de\/wp-content\/uploads\/2016\/12\/16-11-10_Flyer_Haks3.pdf\" target=\"_blank\">HAKS-Flyer<\/a> (als PDF)<\/p>\n","protected":false},"excerpt":{"rendered":"<p>Das Bauhandwerk im Land Bremen boomt: Neubauten entstehen und die Hauseigent\u00fcmerinnen und \u2013eigent\u00fcmer in Bremen und Bremerhaven modernisieren ihre H\u00e4user. Da sind Handwerkerinnen und Handwerker gefragt, die mit fundierten Kenntnissen die Anforderungen des qualit\u00e4tsvollen sowie energieeffizienten Bauens beherrschen. HAKS bietet dem Ausbildungspersonal und den Auszubildenden durch diese kostenlose und freiwillige Zusatzqualifikation die M\u00f6glichkeit, gewerke\u00fcbergreifendes Bauen (\u2026)<\/p>\n","protected":false},"author":1,"featured_media":173,"parent":0,"menu_order":0,"comment_status":"closed","ping_status":"closed","template":"","meta":[],"_links":{"self":[{"href":"https:\/\/haks-projekt.de\/bremen\/wp-json\/wp\/v2\/pages\/19"}],"collection":[{"href":"https:\/\/haks-projekt.de\/bremen\/wp-json\/wp\/v2\/pages"}],"about":[{"href":"https:\/\/haks-projekt.de\/bremen\/wp-json\/wp\/v2\/types\/page"}],"author":[{"embeddable":true,"href":"https:\/\/haks-projekt.de\/bremen\/wp-json\/wp\/v2\/users\/1"}],"replies":[{"embeddable":true,"href":"https:\/\/haks-projekt.de\/bremen\/wp-json\/wp\/v2\/comments?post=19"}],"version-history":[{"count":6,"href":"https:\/\/haks-projekt.de\/bremen\/wp-json\/wp\/v2\/pages\/19\/revisions"}],"predecessor-version":[{"id":343,"href":"https:\/\/haks-projekt.de\/bremen\/wp-json\/wp\/v2\/pages\/19\/revisions\/343"}],"wp:featuredmedia":[{"embeddable":true,"href":"https:\/\/haks-projekt.de\/bremen\/wp-json\/wp\/v2\/media\/173"}],"wp:attachment":[{"href":"https:\/\/haks-projekt.de\/bremen\/wp-json\/wp\/v2\/media?parent=19"}],"curies":[{"name":"wp","href":"https:\/\/api.w.org\/{rel}","templated":true}]}}

<p>Das Bauhandwerk im Land Bremen boomt: Neubauten entstehen und die Hauseigentümerinnen und –eigentümer in Bremen und Bremerhaven modernisieren ihre Häuser. Da sind Handwerkerinnen und Handwerker gefragt, die mit fundierten Kenntnissen die Anforderungen des qualitätsvollen sowie energieeffizienten Bauens beherrschen.</p>
<p>HAKS bietet dem Ausbildungspersonal und den Auszubildenden durch diese kostenlose und freiwillige Zusatzqualifikation die Möglichkeit, gewerkeübergreifendes Bauen praktisch zu optimieren.</p>
<p>Initiator und Koordinator ist die Bremer Klimaschutzagentur energiekonsens, als Projektpartner treten das Institut Technik und Bildung (ITB) der Universität Bremen sowie fünf weitere Klimaschutz- und Energieagenturen aus unterschiedlichen Regionen des Bundesgebiets auf.</p>
<p>Den aktuellen Flyer des HAKS-Projekts finden Sie hier: <a href="https://haks-projekt.de/wp-content/uploads/2016/12/16-11-10_Flyer_Haks3.pdf" target="_blank">HAKS-Flyer</a> (als PDF)</p>

<p>Das Bauhandwerk im Land Bremen boomt: Neubauten entstehen und die Hauseigentümerinnen und –eigentümer in Bremen und Bremerhaven modernisieren ihre Häuser. Da sind Handwerkerinnen und Handwerker gefragt, die mit fundierten Kenntnissen die Anforderungen des qualitätsvollen sowie energieeffizienten Bauens beherrschen. HAKS bietet dem Ausbildungspersonal und den Auszubildenden durch diese kostenlose und freiwillige Zusatzqualifikation die Möglichkeit, gewerkeübergreifendes Bauen (…)</p>
